{"id":42,"date":"2016-07-03T22:22:49","date_gmt":"2016-07-03T22:22:49","guid":{"rendered":"http:\/\/colegiomedicocat.com.ar\/med\/?page_id=42"},"modified":"2016-07-05T14:41:41","modified_gmt":"2016-07-05T14:41:41","slug":"resena-historica","status":"publish","type":"page","link":"https:\/\/colegiomedicocat.com.ar\/med\/resena-historica\/","title":{"rendered":"Rese\u00f1a Hist\u00f3rica"},"content":{"rendered":"<p>Hablar de la mansi\u00f3n, verdadera obra arquitect\u00f3nica <a href=\"http:\/\/colegiomedicocat.com.ar\/med\/wp-content\/uploads\/2016\/07\/P1010847.jpg\"><img fetchpriority=\"high\" decoding=\"async\" class=\"size-medium wp-image-78 alignright\" src=\"http:\/\/colegiomedicocat.com.ar\/med\/wp-content\/uploads\/2016\/07\/P1010847-225x300.jpg\" alt=\"P1010847\" width=\"225\" height=\"300\" srcset=\"https:\/\/colegiomedicocat.com.ar\/med\/wp-content\/uploads\/2016\/07\/P1010847-225x300.jpg 225w, https:\/\/colegiomedicocat.com.ar\/med\/wp-content\/uploads\/2016\/07\/P1010847-768x1024.jpg 768w\" sizes=\"(max-width: 225px) 100vw, 225px\" \/><\/a>y \u00fanica en Catamarca, ahora de propiedad del C\u00edrculo M\u00e9dico de Catamarca, no se puede dejar de mencionar al DR. ADOLFO DURVAL MERCADO, antiguo propietario y qui\u00e9n hizo construir la misma. Naci\u00f3 en San Jos\u00e9 \u2013Santa Mar\u00eda- Catamarca en el a\u00f1o 1870.<\/p>\n<p>En su pueblo estudia los primeros a\u00f1os, recibi\u00e9ndose de Bachiller en el Colegio Nacional de esta ciudad Capital, posteriormente , en Buenos Aires cursa la carrera de Medicina , recibi\u00e9ndose de Doctor en Medicina el 12 de octubre de 1896.en la Universidad Nacional de Bs.As. y le entregan el t\u00edtulo en Bs. As. el 3 de agosto de 1898. Antes de graduarse como m\u00e9dico viaja a Europa donde se especializa en Oftalmolog\u00eda.<\/p>\n<p>A\u00f1os despu\u00e9s regresa de Europa y adquiere el terreno ubicado sobre calle 6 de Septiembre N\u00ba 33 , hoy, Hip\u00f3lito Yrigoyen 1233 , a Don Heraclio Correa , El Dr. Mercado era un hombre de gran visi\u00f3n empresaria, por ello es que adquiere tambi\u00e9n la l\u00ednea de tranv\u00edas ( \u00fanica en Catamarca).<\/p>\n<p>En 1910 contrae enlace con la Srta. Elvira Porta Recalde, visitando nuevamente Francia en su viaje de bodas. La casa la comienza a construir en 1915 con planos que trajo de Francia, similares a un \u201c Petit Palace\u201d , que eran comunes por aquella \u00e9poca en dicho pa\u00eds. Encarga la direcci\u00f3n de la obra al Sr. Ricardo Morandini, qui\u00e9n puso todo su empe\u00f1o en la construcci\u00f3n de la misma.<\/p>\n<p>Seg\u00fan se comentaba, las piedras que utilizaron en su construcci\u00f3n eran transportadas desde Piedra Blanca en las zorras, las que eran conducidas por el propio Dr. Mercado. La parte de ornamentaci\u00f3n de la casa , construida en yeso , fue realizada por el Sr. Fiore, de origen italiano , el que fue tra\u00eddo especialmente por el Dr. Mercado para la realizaci\u00f3n de esta obra.. La reja ( hermosa por cierto) , que rodea la mansi\u00f3n fue realizada por el Sr. Juan Priori, Profesor de la Escuela Industrial, de origen italiano tambi\u00e9n.<\/p>\n<p>La residencia fue inaugurada por partes : en 1917 se habilit\u00f3 la planta baja y se termina de construir en 1919, estim\u00e1ndose su costo en 120.000, de la moneda de aquella \u00e9poca. Consta de un s\u00f3tano, planta baja y dos pisos. La construcci\u00f3n es de piedra revocada con cal la planta baja y el primer piso. En el primer piso las paredes son revocadas en fino y empapeladas,. los pisos de madera , con excepci\u00f3n del hall, que tiene baldosas francesas, carpinter\u00eda de madera lustrada, muros de ladrillo, techo de bovedilla.. En el segundo piso , la construcci\u00f3n es de material cocido , pisos de mosaicos, los techos de bovedilla y zinc. Cielorrasos suspendidos en yeso muy bien trabajados, carpinter\u00eda de madera lustrada, los muros construidos en ladrillos. En la azotea, se encuentra una c\u00fapula ( buhardilla), destinada a dep\u00f3sito. Los muros exteriores son de ladrillo macizo, con mezlca cementicia peinada con relieves exteriores. Lo m\u00e1s destacable de esta obra, son los materiales empleados en la misma, la ornamentaci\u00f3n , el alfombrado, empapelado, muebles, los cuales eran de origen franc\u00e9s y adornada con estatuas, jarrones, etc, cuya procedencia era de otras naciones de Europa.<\/p>\n<p><a href=\"http:\/\/colegiomedicocat.com.ar\/med\/wp-content\/uploads\/2016\/07\/P1010848.jpg\"><img decoding=\"async\" class=\"size-medium wp-image-74 alignleft\" src=\"http:\/\/colegiomedicocat.com.ar\/med\/wp-content\/uploads\/2016\/07\/P1010848-225x300.jpg\" alt=\"P1010848\" width=\"225\" height=\"300\" srcset=\"https:\/\/colegiomedicocat.com.ar\/med\/wp-content\/uploads\/2016\/07\/P1010848-225x300.jpg 225w, https:\/\/colegiomedicocat.com.ar\/med\/wp-content\/uploads\/2016\/07\/P1010848-768x1024.jpg 768w\" sizes=\"(max-width: 225px) 100vw, 225px\" \/><\/a>La distribuci\u00f3n de la casa era la siguiente: en planta baja , cuatro piezas , una de las cuales serv\u00eda de escritorio de diario del Dr. Mercado , un ba\u00f1o para el personal de servicio y hab\u00eda un patio cubierto. En el primer piso : hall de entrada , ( en el ala derecha ) : primer pieza , escritorio del Dr. Mercado, al lado la\u00a0sala de m\u00fasica que contaba con un piano de cola, un juego de sillas esterillado ( Luis XVI) y un musiquero; contin\u00faa la sala de recibo ( sala az\u00fal) que ten\u00eda un juego de sillones franceses tapizados en terciopelo az\u00fal con cortinas color amarillo mostaza con dibujos en az\u00fal, adornos al tono; el comedor era de estilo imperio ( franc\u00e9s) , cortinados en terciopelo azul y los sillones color tabaco, sigue el office con un montaplatos, cuenta tambi\u00e9n con un balc\u00f3n , donde sol\u00eda haber un juego de jard\u00edn . En el ala izquierda del hall de entrada : la primera pieza era el sal\u00f3n verde , ( era la sala de estar donde la Sra. de Mercado acostumbraba a tomar el t\u00e9), donde cortinados, sillones y adornos eran de color verde., contin\u00faa el toillette , amueblado estilo Luis XVI ( patinados en marfil y dorado) En el segundo piso un hall, un dormitorio con balc\u00f3n que da a la Avda. Hip\u00f3lito Yrigoyen ( era el dormitorio del matrimonio Mercado, actual sal\u00f3n de actos ) un comedor de diario, dos dormitorios y dos cuartos de ba\u00f1o., con dos balcones- terrazas , uno de los cuales era un jard\u00edn, la c\u00fapula serv\u00eda de dep\u00f3sito. . La casa se encontraba rodeada de un hermoso jard\u00edn, con rosas, palmeras, con\u00edferas , una fuente , p\u00e9rgolas y columnas de alumbrado.<\/p>\n<p>&nbsp;<\/p>\n<p><a href=\"http:\/\/colegiomedicocat.com.ar\/med\/wp-content\/uploads\/2016\/07\/P1020008.jpg\"><img decoding=\"async\" class=\"size-medium wp-image-77 alignright\" src=\"http:\/\/colegiomedicocat.com.ar\/med\/wp-content\/uploads\/2016\/07\/P1020008-300x225.jpg\" alt=\"P1020008\" width=\"300\" height=\"225\" srcset=\"https:\/\/colegiomedicocat.com.ar\/med\/wp-content\/uploads\/2016\/07\/P1020008-300x225.jpg 300w, https:\/\/colegiomedicocat.com.ar\/med\/wp-content\/uploads\/2016\/07\/P1020008-768x576.jpg 768w, https:\/\/colegiomedicocat.com.ar\/med\/wp-content\/uploads\/2016\/07\/P1020008-1024x768.jpg 1024w\" sizes=\"(max-width: 300px) 100vw, 300px\" \/><\/a><\/p>\n<p>El C\u00edrculo M\u00e9dico de Catamarca se constituye por iniciativa del Dr. Juan Andrada el 20 de junio de 1938, al no contar con sede propia, los primeros a\u00f1os las reuniones se realizaban en los domicilios\u00a0particulares de los presidentes , en la Direcci\u00f3n de Higiene (hoy Lucha Antichagas) y en un local que alquilaron para tal fin , en calle Salta y Prado. A\u00f1os despu\u00e9s se realizaron en la casa del Dr. Ernesto Mois\u00e9s Andrada ,\u00a0Sarmiento 730, y es all\u00ed en ocasi\u00f3n en que se encontraba reunida la Comisi\u00f3n Directiva del C\u00edrculo M\u00e9dico de Catamarca, el Dr. Ernesto M. Andrada comunica la decisi\u00f3n de la Sra. Elvira Porta de Mercado de donar su residencia al C\u00edrculo M\u00e9dico de Catamarca , los esposos Mercado no ten\u00edan descendientes, cumpliendo as\u00ed el deseo de su extinto esposo. El inmueble es entregado a los Dres. Sebastian Dimartino y Juan Manuel Vaca Lobo ( Presidente y Secretario General respectivamente del C\u00edrculo M\u00e9dico de Catamarca) el 12-03-63 , por el Albacea testamentario de la Sra. Elvira Porta de Mercado , Se\u00f1or Federico Herr.<\/p>\n<p>Durante el Gobierno del General Guillermo Brizuela, en ocasi\u00f3n de la visita del General Juan Carlos Ongan\u00eda , Presidente de la Rep\u00fablica Argentina ,a nuestra provincia, es alojado en la mansi\u00f3n del C\u00edrculo M\u00e9dico de Catamarca, quedando maravillado tanto \u00e9l como su comitiva de la arquitectura de la misma. El 12 de agosto de 1993 mediante Ordenanza Municipal N\u00ba 2589\/93 es declarada la Residencia del C\u00edrculo M\u00e9dico de Catamarca, \u201c Patrimonio Arquitect\u00f3nico \u201c.<\/p>\n","protected":false},"excerpt":{"rendered":"<p>Hablar de la mansi\u00f3n, verdadera obra arquitect\u00f3nica y \u00fanica en Catamarca, ahora de propiedad del C\u00edrculo M\u00e9dico de Catamarca, no se puede dejar de mencionar al DR. ADOLFO DURVAL MERCADO, antiguo propietario y qui\u00e9n hizo construir la misma. Naci\u00f3 en San Jos\u00e9 \u2013Santa Mar\u00eda- Catamarca en el a\u00f1o 1870. En su pueblo estudia los primeros [&hellip;]<\/p>\n","protected":false},"author":2,"featured_media":0,"parent":0,"menu_order":0,"comment_status":"closed","ping_status":"closed","template":"","meta":{"_joinchat":[],"footnotes":""},"class_list":["post-42","page","type-page","status-publish","hentry"],"_links":{"self":[{"href":"https:\/\/colegiomedicocat.com.ar\/med\/wp-json\/wp\/v2\/pages\/42","targetHints":{"allow":["GET"]}}],"collection":[{"href":"https:\/\/colegiomedicocat.com.ar\/med\/wp-json\/wp\/v2\/pages"}],"about":[{"href":"https:\/\/colegiomedicocat.com.ar\/med\/wp-json\/wp\/v2\/types\/page"}],"author":[{"embeddable":true,"href":"https:\/\/colegiomedicocat.com.ar\/med\/wp-json\/wp\/v2\/users\/2"}],"replies":[{"embeddable":true,"href":"https:\/\/colegiomedicocat.com.ar\/med\/wp-json\/wp\/v2\/comments?post=42"}],"version-history":[{"count":5,"href":"https:\/\/colegiomedicocat.com.ar\/med\/wp-json\/wp\/v2\/pages\/42\/revisions"}],"predecessor-version":[{"id":79,"href":"https:\/\/colegiomedicocat.com.ar\/med\/wp-json\/wp\/v2\/pages\/42\/revisions\/79"}],"wp:attachment":[{"href":"https:\/\/colegiomedicocat.com.ar\/med\/wp-json\/wp\/v2\/media?parent=42"}],"curies":[{"name":"wp","href":"https:\/\/api.w.org\/{rel}","templated":true}]}}