{"id":4954,"date":"2023-04-01T15:08:04","date_gmt":"2023-04-01T15:08:04","guid":{"rendered":"https:\/\/colegiomedicocat.com.ar\/med\/?page_id=4954"},"modified":"2024-09-12T21:08:35","modified_gmt":"2024-09-12T21:08:35","slug":"aranceles-minimos-y-eticos","status":"publish","type":"page","link":"https:\/\/colegiomedicocat.com.ar\/med\/aranceles-minimos-y-eticos\/","title":{"rendered":"ARANCELES M\u00cdNIMOS Y \u00c9TICOS"},"content":{"rendered":"\n<h3>ANEXO I \u2013 RESOLUCI\u00d3N N\u00b0 91\/23<br \/><br \/><\/h3>\n<h4>San Fernando del Valle de Catamarca, 28 de Abril de 2.023<\/h4>\n<h4>VISTO:<br \/>La necesidad del Colegio de M\u00e9dicos de actualizar los valores<br \/>M\u00ednimos y \u00c9ticos, aranceles referenciales para la pr\u00e1ctica profesional m\u00e9dica,<\/h4>\n<h4>CONSIDERANDO:<\/h4>\n<p><br \/>Que teniendo en cuenta la situaci\u00f3n econ\u00f3mica actual, este Consejo<br \/>Directivo considera que es oportuno y necesario, actualizar los Aranceles<br \/>M\u00ednimos y \u00c9ticos vigentes.Que hasta tanto se conforme la Comisi\u00f3n de Colegiados seg\u00fan norma<br \/>Estatutaria, a los fines de colaborar con este Consejo Directivo en la<br \/>conformaci\u00f3n de los Aranceles M\u00ednimos y \u00c9ticos; se define los valores<br \/>actuales a trav\u00e9s de la presente Resoluci\u00f3n, teniendo en cuenta el \u00edndice de<br \/>Inflaci\u00f3n en el \u00faltimo trimestre.<br \/>Que en raz\u00f3n de lo establecido en el Decreto 2284\/91 y ratificaciones<br \/>posteriores, no puede ning\u00fan colegio Profesional establecer aranceles<br \/>obligatorios a sus colegiados.<br \/>Que esto no impide que podamos sugerir, publicitar y proponer<br \/>honorarios m\u00ednimos \u00e9ticos, referenciales y orientativos que respeten la<br \/>dignidad retributiva de medico por sus esenciales servicios sin descuidar la<br \/>realidad econ\u00f3mica de los obligados al pago.<br \/>Que es atribuci\u00f3n de este Colegio de M\u00e9dicos proceder a la<br \/>actualizaci\u00f3n peri\u00f3dica de los Valores M\u00ednimos y \u00c9ticos para la consulta de<br \/>M\u00e9dicos especialistas y m\u00e9dicos no especialistas.<\/p>\n<h4>EL CONSEJO DIRECTIVO DEL COLEGIO DE M\u00c9DICOS DE<br \/>CATAMARCA:<\/h4>\n<h4><br \/>RESUELVE:<br \/><br \/>ART\u00cdCULO I: Dejar establecido los Aranceles M\u00ednimos y \u00c9ticos, valores que<br \/>ser\u00e1n referenciales y orientativos y tendr\u00e1n validez por 30 d\u00edas a partir del 1 de<br \/>Mayo del corriente a\u00f1o.<\/h4>\n<h4><br \/>ART\u00cdCULO II: Por Secretar\u00eda General hacer constar en el Libro de Actas de la<br \/>Instituci\u00f3n, comunicar por medios oficiales de la Instituci\u00f3n, y a autoridades<br \/>que lo requieran.<\/h4>\n<h4><br \/>ART\u00cdCULO III: Los valores autorizados de actualizaci\u00f3n de Aranceles<br \/>M\u00ednimos y \u00c9ticos se consignan en el Anexo I y forman parte de la presente<br \/>resoluci\u00f3n.<\/h4>\n<h4><br \/>ART\u00cdCULO IV: Cumplido, Reg\u00edstrese.-<\/h4>\n<h4><br \/><br \/><\/h4>\n<p style=\"text-align: center;\">ARANCELES M\u00cdNIMOS Y \u00c9TICOS<br \/>ANEXO I \u2013 RESOLUCI\u00d3N N\u00b0 397\/24<br \/>Consulta M\u00e9dica $ 16.000<br \/>Consulta M\u00e9dica Especialista $ 19.200<br \/>Consulta M\u00e9dica en Domicilio $ 24.100<br \/>Aprobados en Reuni\u00f3n de Consejo Directivo del d\u00eda 30 de Agosto del 2.024 por<br \/>Resoluci\u00f3n CD N\u00b0 397\/24. Vigencia desde 1 de Septiembre hasta el d\u00eda 30 de<br \/>Septiembre de 2.024.-<br \/>CONSEJO DIRECTIVO<\/p>\n<p style=\"text-align: center;\">Aprobados en Reuni\u00f3n de Consejo Directivo del d\u00eda 28 de Abril del 2.023 por<br \/>Resoluci\u00f3n CD N\u00b0 114\/23. Vigencia hasta el d\u00eda 31 de Mayo del 2.023.-<\/p>\n<h5 style=\"text-align: center;\">\u00a0<\/h5>\n<h5 style=\"text-align: center;\">CONSEJO DIRECTIVO<\/h5>\n","protected":false},"excerpt":{"rendered":"<p>ANEXO I \u2013 RESOLUCI\u00d3N N\u00b0 91\/23 San Fernando del Valle de Catamarca, 28 de Abril de 2.023 VISTO:La necesidad del Colegio de M\u00e9dicos de actualizar los valoresM\u00ednimos y \u00c9ticos, aranceles referenciales para la pr\u00e1ctica profesional m\u00e9dica, CONSIDERANDO: Que teniendo en cuenta la situaci\u00f3n econ\u00f3mica actual, este ConsejoDirectivo considera que es oportuno y necesario, actualizar los [&hellip;]<\/p>\n","protected":false},"author":2,"featured_media":0,"parent":0,"menu_order":0,"comment_status":"closed","ping_status":"closed","template":"","meta":{"_joinchat":[],"footnotes":""},"class_list":["post-4954","page","type-page","status-publish","hentry"],"_links":{"self":[{"href":"https:\/\/colegiomedicocat.com.ar\/med\/wp-json\/wp\/v2\/pages\/4954","targetHints":{"allow":["GET"]}}],"collection":[{"href":"https:\/\/colegiomedicocat.com.ar\/med\/wp-json\/wp\/v2\/pages"}],"about":[{"href":"https:\/\/colegiomedicocat.com.ar\/med\/wp-json\/wp\/v2\/types\/page"}],"author":[{"embeddable":true,"href":"https:\/\/colegiomedicocat.com.ar\/med\/wp-json\/wp\/v2\/users\/2"}],"replies":[{"embeddable":true,"href":"https:\/\/colegiomedicocat.com.ar\/med\/wp-json\/wp\/v2\/comments?post=4954"}],"version-history":[{"count":7,"href":"https:\/\/colegiomedicocat.com.ar\/med\/wp-json\/wp\/v2\/pages\/4954\/revisions"}],"predecessor-version":[{"id":6483,"href":"https:\/\/colegiomedicocat.com.ar\/med\/wp-json\/wp\/v2\/pages\/4954\/revisions\/6483"}],"wp:attachment":[{"href":"https:\/\/colegiomedicocat.com.ar\/med\/wp-json\/wp\/v2\/media?parent=4954"}],"curies":[{"name":"wp","href":"https:\/\/api.w.org\/{rel}","templated":true}]}}