{"id":747,"date":"2017-04-18T14:47:45","date_gmt":"2017-04-18T14:47:45","guid":{"rendered":"http:\/\/colegiomedicocat.com.ar\/med\/?page_id=747"},"modified":"2017-04-19T14:51:04","modified_gmt":"2017-04-19T14:51:04","slug":"sociedades-cientificas","status":"publish","type":"page","link":"https:\/\/colegiomedicocat.com.ar\/med\/sociedades-cientificas\/","title":{"rendered":"Sociedades Cientificas"},"content":{"rendered":"<p><span style=\"color: #003366; font-family: 'arial black', sans-serif; font-size: 14pt;\">Sociedades Cientificas<\/span><\/p>\n<p>&nbsp;<\/p>\n<p><span style=\"font-size: 14pt;\"><strong><span style=\"color: #003366;\"><span class=\"collapseomatic \" id=\"id69ed13efc436d\"  tabindex=\"0\" title=\"Asociaci\u00f3n de Anestesia, ANALGESIA  Y REANIMACION DE CATAMARCA\"    >Asociaci\u00f3n de Anestesia, ANALGESIA  Y REANIMACION DE CATAMARCA<\/span><div id=\"target-id69ed13efc436d\" class=\"collapseomatic_content \"><\/span><\/strong><\/span><\/p>\n<p><span style=\"font-family: 'arial black', sans-serif; font-size: 14pt;\">Asociaci\u00f3n de\u00a0Anestesia, ANALGESIA\u00a0 Y REANIMACION DE CATAMARCA<\/span><\/p>\n<p>Rio la Toya 25- B\u00ba Los Pinos (4700) \u00a0 \u00a0 Catamarca- Tel 4433182- \u00a0 \u00a0 \u00a0 \u00a0 \u00a0 \u00a0 \u00a0 \u00a0 \u00a0 \u00a0 \u00a0E-mail:aaarcat@gmail.com<\/p>\n<p><strong><u>COMISI\u00d3N DIRECTIVA<\/u><\/strong><\/p>\n<p><strong><u>\u00a0<\/u><\/strong><\/p>\n<p><strong>\u00a0\u00a0\u00a0\u00a0\u00a0\u00a0\u00a0 <u>PRESIDENTE :<\/u>\u00a0\u00a0 <\/strong><strong>DR. HALISKA WENCESLAO<\/strong><\/p>\n<p>Cel . 383 &#8211; 154684940<\/p>\n<p><strong>\u00a0\u00a0\u00a0\u00a0\u00a0<u>\u00a0SECRETARIO :<\/u><\/strong><strong>\u00a0\u00a0 DR. MORALES FRANCO DIEGO<\/strong><\/p>\n<p><strong>\u00a0 \u00a0 \u00a0 \u00a0 \u00a0 \u00a0 \u00a0 \u00a0 \u00a0 \u00a0 \u00a0 \u00a0 \u00a0<\/strong>\u00a0 Cel. 383 &#8211; 154312622<\/p>\n<p><strong>\u00a0\u00a0\u00a0\u00a0\u00a0\u00a0 <u>TESORERO :<\/u>\u00a0\u00a0\u00a0\u00a0\u00a0 <\/strong><strong>DR. LEIVA JULIO<\/strong><\/p>\n<p>Cel. 383-154680101<\/p>\n<p><strong>\u00a0\u00a0\u00a0\u00a0\u00a0 <u>VOCALES :<\/u><\/strong>\u00a0\u00a0\u00a0\u00a0 <strong>1\u00ba<\/strong>\u00a0 <strong>DR. LUIS HUMBERTO MARZESE<\/strong><\/p>\n<p>Cel. 154464398<\/p>\n<p><strong>\u00a0\u00a0\u00a0\u00a0\u00a0\u00a0\u00a0\u00a0\u00a0\u00a0\u00a0\u00a0\u00a0\u00a0\u00a0\u00a0\u00a0\u00a0\u00a0\u00a0\u00a0\u00a0\u00a0\u00a0\u00a0\u00a0\u00a0\u00a0\u00a0\u00a0\u00a0\u00a02\u00ba<\/strong>\u00a0 <strong>DRA. CECENARRO NILDA MARIA<\/strong><\/p>\n<p><strong>\u00a0 \u00a0 \u00a0 \u00a0 \u00a0 \u00a0 \u00a0 \u00a0 \u00a0 \u00a0 \u00a0<\/strong>\u00a0\u00a0\u00a0 Cel. 383-15465116<\/p>\n<p><strong><u>\u00d3RGANO DE FISCALIZACI\u00d3N :<\/u><\/strong><\/p>\n<p><u><\/u><strong><u>\u00a0TITULAR<\/u><\/strong><u>:<\/u>\u00a0\u00a0\u00a0\u00a0\u00a0\u00a0\u00a0\u00a0\u00a0 \u00a0<strong>D R. TABORDA GONZALO<\/strong><\/p>\n<p>Cel. 383-154402746<\/p>\n<p><strong><u>SUPLENTE :<\/u><\/strong>\u00a0\u00a0\u00a0\u00a0\u00a0\u00a0 <strong>DRA. BUSTOS ADRIANA DEL VALLE<\/strong><\/p>\n<p>Cel. 383-154686741<br \/>\n<\/div>\n<p>&nbsp;<\/p>\n<p><span style=\"font-size: 14pt;\"><strong><span style=\"color: #003366;\"><span class=\"collapseomatic \" id=\"id69ed13efc43c8\"  tabindex=\"0\" title=\"ASOCIACION DE HEMOTERAPIA E INMUNOHEMATOLOGIA \"    >ASOCIACION DE HEMOTERAPIA E INMUNOHEMATOLOGIA <\/span><div id=\"target-id69ed13efc43c8\" class=\"collapseomatic_content \"><\/span><\/strong><\/span><\/p>\n<p><span style=\"font-family: 'arial black', sans-serif;\"><strong>ASOCIACION DE HEMOTERAPIA E INMUNOHEMATOLOGIA<\/strong><\/span><\/p>\n<p>&nbsp;<\/p>\n<p><strong><u>COMISI\u00d3N DIRECTIVA<\/u><\/strong><\/p>\n<p>PRESIDENTA: Dra. Ursula Micheloud<\/p>\n<p>SECRETARIO: Dr. Breppe Rodolfo<\/p>\n<p>SECRETARIO: Dr. Oscar Tonelli.<\/p>\n<p><u><\/u><br \/>\n<\/div>\n<p>&nbsp;<\/p>\n<p><span style=\"font-size: 14pt;\"><strong><span style=\"color: #003366;\"><span class=\"collapseomatic \" id=\"id69ed13efc43f4\"  tabindex=\"0\" title=\"ASOCIACI\u00d3N DE NEUROLOGIA \"    >ASOCIACI\u00d3N DE NEUROLOGIA <\/span><div id=\"target-id69ed13efc43f4\" class=\"collapseomatic_content \"><\/span><\/strong><\/span><\/p>\n<p>&nbsp;<\/p>\n<p>ASOCIACI\u00d3N DE NEUROLOGIA<\/p>\n<p>Pablo Correa&lt;pdcor67@hotmail.com&gt;<\/p>\n<p>&nbsp;<\/p>\n<p>Presidente: Dr. Pablo D. Correa<\/p>\n<p>Secretario: Dr. Miguel Sanna<\/p>\n<p>Tesorero: Dr. Gustavo A. Galarza<\/p>\n<p><u><\/u><br \/>\n<\/div>\n&nbsp;<\/p>\n<p><span style=\"font-size: 14pt;\"><strong><span style=\"color: #003366;\"><span class=\"collapseomatic \" id=\"id69ed13efc4411\"  tabindex=\"0\" title=\"ASOCIACI\u00d3N DE TRAUMATOLOGIA Y ORTOPEDIA \"    >ASOCIACI\u00d3N DE TRAUMATOLOGIA Y ORTOPEDIA <\/span><div id=\"target-id69ed13efc4411\" class=\"collapseomatic_content \"><\/span><\/strong><\/span><\/p>\n<p>ASOCIACI\u00d3N DE TRAUMATOLOGIA Y ORTOPEDIA<\/p>\n<p>HORACIO FERNANDO CABRAL&lt;horaciocabral29@gmail.com&gt;<\/p>\n<p><strong><u>COMISI\u00d3N\u00a0DIRECTIVA<\/u><\/strong>:<\/p>\n<p><u>Presidente<\/u>:\u00a0<strong>Dr. Horacio Fernando Cabral<\/strong><\/p>\n<p><u>Secretario General<\/u>:\u00a0<strong>Dr. PEDRO ARIEL MEDINA V\u00c1ZQUEZ<\/strong><\/p>\n<p><u>Tesorero<\/u>:\u00a0<strong>Dr. Flores Kanter Diego Nicolas<\/strong><\/p>\n<p><u>Vocal Titular Primero<\/u>:\u00a0<strong>Dr. PABLO JAVIER OVEJERO<\/strong><\/p>\n<p><u>Vocal Titular Segundo<\/u>:\u00a0<strong>Dr. Rodriguez Enzo Francisco<\/strong><\/p>\n<p><u>Vocal Suplente Primero<\/u>:\u00a0<strong>Dr. Carlos Romirio Vega Ramirez<\/strong><\/p>\n<p><u>Vocal Suplente Segundo<\/u>:\u00a0<strong>Dr. FERNANDO AUGUSTO FIGUEROA<\/strong><\/p>\n<p><u>Revisor de Cuentas Titular<\/u>:\u00a0<strong>Dr. OMAR SERAPIO TAPIA<\/strong><\/p>\n<p><u>Revisor de Cuentas Suplente<\/u>:\u00a0<strong>Dr. Martin Sebastian Melella Lecco<\/strong><\/p>\n<p><u><\/u><br \/>\n<\/div>\n&nbsp;<br \/>\n<span style=\"font-size: 14pt;\"><strong><span style=\"color: #003366;\"><span class=\"collapseomatic \" id=\"id69ed13efc4431\"  tabindex=\"0\" title=\"SOCIEDAD ARGENTINA DE PEDIATRIA \u2013 FILIAL CATAMARCA \"    >SOCIEDAD ARGENTINA DE PEDIATRIA \u2013 FILIAL CATAMARCA <\/span><div id=\"target-id69ed13efc4431\" class=\"collapseomatic_content \"><\/span><\/strong><\/span><\/p>\n<p>SOCIEDAD ARGENTINA DE PEDIATRIA \u2013 FILIAL CATAMARCA<\/p>\n<p><a href=\"mailto:catamarca@sap.org.ar\">catamarca@sap.org.ar<\/a><\/p>\n<p><strong>Informaci\u00f3n<\/strong><br \/>\nPresidenta: Dra. Daniela Bordon<br \/>\nVicepresidenta: Dra. Gabriela Gonz\u00e1lez<br \/>\nTesorera: Dra. Ver\u00f3nica Eseverri<br \/>\nSec General: Dra. Alejandra Vozza<br \/>\nSec de Actas: Dra. Fabiana Elias<br \/>\nSec Educaci\u00f3n Continua: Dra. Graciela Romero<br \/>\nSec M\u00e9dicos del Interior: Dr. Daniel Ontivero<br \/>\nSec Relaciones Institucionales: Dra. M\u00f3nica Zalazar<br \/>\nSec Medios y Relaciones Comunitarias: Dra. Julieta \u00c1lvarez Parma<br \/>\nSec Comit\u00e9 y Grupo de Trabajo: Dra. Silvia Oviedo<br \/>\nVocales Titulares: 1\u00ba Dra.\u00a0 Viviana Codosea<br \/>\n2\u00ba Dra. Lorena Company<br \/>\n3\u00ba Dra. Silvina Salguero<\/p>\n<\/div>\n<p>&nbsp;<\/p>\n<p><span style=\"font-size: 14pt;\"><strong><span style=\"color: #003366;\"><span class=\"collapseomatic \" id=\"id69ed13efc4450\"  tabindex=\"0\" title=\"SOCIEDAD DE ENDOCRINOLOGIA Y METABOLISMO DE  CATAMARCA \"    >SOCIEDAD DE ENDOCRINOLOGIA Y METABOLISMO DE  CATAMARCA <\/span><div id=\"target-id69ed13efc4450\" class=\"collapseomatic_content \"><\/span><\/strong><\/span><\/p>\n<p><strong>SOCIEDAD DE ENDOCRINOLOGIA Y METABOLISMO DE \u00a0CATAMARCA<\/strong><strong> (SEMCA)<\/strong><\/p>\n<p><strong><u>N\u00f3mina de Comisi\u00f3n Directiva y \u00d3rgano de Fiscalizaci\u00f3n<\/u><\/strong><\/p>\n<p><strong><u>\u00a0<\/u><\/strong><\/p>\n<p><strong><u>\u00a0<\/u><\/strong><\/p>\n<table style=\"height: 469px;\" width=\"470\">\n<tbody>\n<tr>\n<td style=\"width: 167px;\"><strong>CARGO<\/strong><\/td>\n<td style=\"width: 150px;\"><strong>APELLIDO y NOMBRES<\/strong><\/td>\n<td style=\"width: 119px;\"><strong>\u00a0TELEFONO<\/strong><\/td>\n<\/tr>\n<tr>\n<td style=\"width: 167px;\"><\/td>\n<td style=\"width: 150px;\"><\/td>\n<td style=\"width: 119px;\"><\/td>\n<\/tr>\n<tr>\n<td style=\"width: 167px;\">Presidente:<\/td>\n<td style=\"width: 150px;\">Toloza, Carlos Rafael<\/td>\n<td style=\"width: 119px;\">\u00a0154517671<\/td>\n<\/tr>\n<tr>\n<td style=\"width: 167px;\">Secretario:<\/td>\n<td style=\"width: 150px;\">Andrada, N\u00e9stor David<\/td>\n<td style=\"width: 119px;\">\u00a0154519285<\/td>\n<\/tr>\n<tr>\n<td style=\"width: 167px;\">Tesorero:<\/td>\n<td style=\"width: 150px;\">Lejtman, Rub\u00e9n Gustavo<\/td>\n<td style=\"width: 119px;\">\u00a0154687793<\/td>\n<\/tr>\n<tr>\n<td style=\"width: 167px;\">Vocal Titular 1\u00b0<\/td>\n<td style=\"width: 150px;\">Pignatta, Analia Beatriz<\/td>\n<td style=\"width: 119px;\">\u00a0154592509<\/td>\n<\/tr>\n<tr>\n<td style=\"width: 167px;\">Vocal Titular 2\u00b0<\/td>\n<td style=\"width: 150px;\">Aguiar, Georgina<\/td>\n<td style=\"width: 119px;\">\u00a0154331805<\/td>\n<\/tr>\n<tr>\n<td style=\"width: 167px;\"><\/td>\n<td style=\"width: 150px;\"><\/td>\n<td style=\"width: 119px;\"><\/td>\n<\/tr>\n<tr>\n<td style=\"width: 167px;\">Vocal Suplente<\/td>\n<td style=\"width: 150px;\">Fazio, Liliana Erilda<\/td>\n<td style=\"width: 119px;\">\u00a0154690525<\/td>\n<\/tr>\n<tr>\n<td style=\"width: 167px;\"><\/td>\n<td style=\"width: 150px;\"><\/td>\n<td style=\"width: 119px;\"><\/td>\n<\/tr>\n<tr>\n<td style=\"width: 167px;\"><\/td>\n<td style=\"width: 150px;\"><\/td>\n<td style=\"width: 119px;\"><\/td>\n<\/tr>\n<tr>\n<td style=\"width: 167px;\"><\/td>\n<td style=\"width: 150px;\"><\/td>\n<td style=\"width: 119px;\"><\/td>\n<\/tr>\n<tr>\n<td style=\"width: 167px;\">Rev. Cuentas Tit. 1\u00ba<\/td>\n<td style=\"width: 150px;\">Yapura Saed, Florencia<\/td>\n<td style=\"width: 119px;\">\u00a0154395871<\/td>\n<\/tr>\n<tr>\n<td style=\"width: 167px;\">Rev. Cuentas Tit. 2\u00ba<\/td>\n<td style=\"width: 150px;\">\u00a0Carrizo, Natalia Emma<\/td>\n<td style=\"width: 119px;\">\u00a0154571043<\/td>\n<\/tr>\n<tr>\n<td style=\"width: 167px;\">Rev. Cuentas Supl.<\/td>\n<td style=\"width: 150px;\">Ag\u00fcero, Carmen Eugenia<\/td>\n<td style=\"width: 119px;\">\u00a0154234228<\/td>\n<\/tr>\n<\/tbody>\n<\/table>\n<\/div>\n<p>&nbsp;<\/p>\n<p><span style=\"font-size: 14pt;\"><strong><span style=\"color: #003366;\"><span class=\"collapseomatic \" id=\"id69ed13efc446d\"  tabindex=\"0\" title=\"SOCIEDAD DE GINECOLOGIA y OBTREPTICIA DE CATAMARCA \"    >SOCIEDAD DE GINECOLOGIA y OBTREPTICIA DE CATAMARCA <\/span><div id=\"target-id69ed13efc446d\" class=\"collapseomatic_content \"><\/span><\/strong><\/span><br \/>\n<strong>SOCIEDAD DE\u00a0GINECOLOGIA y OBTREPTICIA DE CATAMARCA<\/strong><\/p>\n<p><strong>PRESIDENTE<\/strong><\/p>\n<p>Dra<strong>. <\/strong>Daniela Rebelo-<\/p>\n<p>-Tel.4451141-<\/p>\n<p><strong>VICEPRESIDENTA<\/strong><\/p>\n<p>Dra. Claudia Tomassi-<\/p>\n<p>&#8211; Cel.154533744<\/p>\n<p><strong>SECRETARIO GENERAL<\/strong><\/p>\n<p>Dr. Edgardo Ren\u00e9 Varela-<\/p>\n<p>&#8211; Tel. 4433283-<\/p>\n<p><strong>TESORERO<\/strong><\/p>\n<p>Dr. Eugenio Villarroel-<\/p>\n<p>Tel. 4436340-<\/p>\n<p><strong>SECRETARIO CIENTIFICO<\/strong><\/p>\n<p>Dr. Felipe Sastre Collado-<\/p>\n<p>&#8211; Tel. 4453287<\/p>\n<p><strong>VOCAL TITULAR PRIMERA <\/strong><\/p>\n<p>Dra. Nora Matach-<\/p>\n<p>&#8211; Tel 4452248-<\/p>\n<p><strong>VOCAL TITULAR SEGUNDA<\/strong><\/p>\n<p>Dra. Elizabeth Rosa Antonia Aguirre-<\/p>\n<p>&#8211; Tel ( 03835)423102-<\/p>\n<p><strong>\u00a0VOCAL TITULAR TERCERA<\/strong><\/p>\n<p>Dra. Marina Villagra-<\/p>\n<p>&#8211; Tel 4440337-<\/p>\n<p><strong>VOCAL SUPLENTE PRIMERO<\/strong><\/p>\n<p>Dr. Ricardo Guillermo del Pino Ahumada-<\/p>\n<p>&#8211; Tel 4456019-<\/p>\n<p><strong>VOCAL SUPLENTE SEGUNDO<\/strong><\/p>\n<p>Dr. Hugo Luis Racedo Ferreyra-<\/p>\n<p>\u2013Tel 4428987-<\/p>\n<p><strong>VOCAL SUPLENTE TERCERA<\/strong><\/p>\n<p>Dra. Vanesa Barrionuevo-<\/p>\n<p>&#8211; Tel ( 03932) 15401961<\/p>\n<\/div>\n<p>&nbsp;<\/p>\n<p><span style=\"font-size: 14pt;\"><strong><span style=\"color: #003366;\"><span class=\"collapseomatic \" id=\"id69ed13efc4489\"  tabindex=\"0\" title=\"SOCIEDAD DE HEMATOLOGIA CATAMARCA \"    >SOCIEDAD DE HEMATOLOGIA CATAMARCA <\/span><div id=\"target-id69ed13efc4489\" class=\"collapseomatic_content \"><\/span><\/strong><\/span><\/p>\n<p>&nbsp;<\/p>\n<p>SOCIEDAD DE HEMATOLOGIA CATAMARCA<\/p>\n<p>Presidente: Dra Maria Soledad Vides Herrera<\/p>\n<p>Vicepresidente: Dr Oscar Contreras<\/p>\n<p>Secretar\u00eda General: Dra Maite Iba\u00f1ez<\/p>\n<p>Vocal Primero: Dr Rodolfo Bepre<\/p>\n<p>Vocal Segundo: Dra Cecilia Gisbert<\/p>\n<\/div>\n<p>&nbsp;<br \/>\n<span style=\"font-size: 14pt;\"><strong><span style=\"color: #003366;\"><span class=\"collapseomatic \" id=\"id69ed13efc449f\"  tabindex=\"0\" title=\"SOCIEDAD DE INFECTOLOGIA Y MICROBIOLOGIA DE CATAMARCA \"    >SOCIEDAD DE INFECTOLOGIA Y MICROBIOLOGIA DE CATAMARCA <\/span><div id=\"target-id69ed13efc449f\" class=\"collapseomatic_content \"><\/span><\/strong><\/span><\/p>\n<p>&nbsp;<\/p>\n<p>SOCIEDAD DE INFECTOLOGIA Y MICROBIOLOGIA DE CATAMARCA<\/p>\n<p>Presidente: Mar\u00eda Fabiana Olivato<br \/>\nDra. Nieva Mar\u00eda Alejandra,<br \/>\nDra. Cecilia Rosa Bord\u00f3n,<br \/>\nDra. Carolina Oyola,<br \/>\nDr. Nestro Letjman,<br \/>\nDra. Karina Ocampos,<br \/>\nDr. Ra\u00fal Aguirre,<br \/>\nDra. Burchaschy Eliana<\/p>\n<\/div>\n<p>&nbsp;<\/p>\n<p><span style=\"font-size: 14pt;\"><strong><span style=\"color: #003366;\"><span class=\"collapseomatic \" id=\"id69ed13efc44b4\"  tabindex=\"0\" title=\"SOCIEDAD DE UROLOGIA CATAMARCA \"    >SOCIEDAD DE UROLOGIA CATAMARCA <\/span><div id=\"target-id69ed13efc44b4\" class=\"collapseomatic_content \"><\/span><\/strong><\/span><\/p>\n<p>&nbsp;<\/p>\n<p>SOCIEDAD DE UROLOGIA CATAMARCA<\/p>\n<p>Autoridades de la Sociedad Catamarque\u00f1a Urolog\u00eda:<\/p>\n<p>Presidente: Juan Pablo Nieva<br \/>\nSecretario:<br \/>\nTesorero: Juan Carlos Ferreyra<br \/>\nVocales: Sergio Andrada<br \/>\nFernando Mendizabal<br \/>\nLucas Flores<\/p>\n<\/div>\n","protected":false},"excerpt":{"rendered":"<p>Sociedades Cientificas &nbsp; &nbsp; &nbsp; &nbsp; &nbsp; &nbsp; &nbsp; &nbsp; &nbsp; &nbsp;<\/p>\n","protected":false},"author":2,"featured_media":0,"parent":0,"menu_order":0,"comment_status":"closed","ping_status":"closed","template":"","meta":{"_joinchat":[],"footnotes":""},"class_list":["post-747","page","type-page","status-publish","hentry"],"_links":{"self":[{"href":"https:\/\/colegiomedicocat.com.ar\/med\/wp-json\/wp\/v2\/pages\/747","targetHints":{"allow":["GET"]}}],"collection":[{"href":"https:\/\/colegiomedicocat.com.ar\/med\/wp-json\/wp\/v2\/pages"}],"about":[{"href":"https:\/\/colegiomedicocat.com.ar\/med\/wp-json\/wp\/v2\/types\/page"}],"author":[{"embeddable":true,"href":"https:\/\/colegiomedicocat.com.ar\/med\/wp-json\/wp\/v2\/users\/2"}],"replies":[{"embeddable":true,"href":"https:\/\/colegiomedicocat.com.ar\/med\/wp-json\/wp\/v2\/comments?post=747"}],"version-history":[{"count":22,"href":"https:\/\/colegiomedicocat.com.ar\/med\/wp-json\/wp\/v2\/pages\/747\/revisions"}],"predecessor-version":[{"id":770,"href":"https:\/\/colegiomedicocat.com.ar\/med\/wp-json\/wp\/v2\/pages\/747\/revisions\/770"}],"wp:attachment":[{"href":"https:\/\/colegiomedicocat.com.ar\/med\/wp-json\/wp\/v2\/media?parent=747"}],"curies":[{"name":"wp","href":"https:\/\/api.w.org\/{rel}","templated":true}]}}